{"id":492,"date":"2021-11-08T21:01:32","date_gmt":"2021-11-08T12:01:32","guid":{"rendered":"https:\/\/fubuki-piano.com\/?page_id=492"},"modified":"2025-11-11T23:08:54","modified_gmt":"2025-11-11T14:08:54","slug":"%e3%83%97%e3%83%ad%e3%83%95%e3%82%a3%e3%83%bc%e3%83%ab","status":"publish","type":"page","link":"https:\/\/fubuki-piano.com\/?page_id=492","title":{"rendered":"Profile"},"content":{"rendered":"\n<div class=\"wp-block-media-text alignwide is-stacked-on-mobile\" style=\"grid-template-columns:38% auto\"><figure class=\"wp-block-media-text__media\"><img loading=\"lazy\" decoding=\"async\" width=\"1024\" height=\"931\" src=\"https:\/\/fubuki-piano.com\/wp-content\/uploads\/2021\/11\/\u30d7\u30ed\u30d5\u30a3\u30fc\u30ebHP\u7528-1024x931.jpg\" alt=\"\" class=\"wp-image-559 size-full\" srcset=\"https:\/\/fubuki-piano.com\/wp-content\/uploads\/2021\/11\/\u30d7\u30ed\u30d5\u30a3\u30fc\u30ebHP\u7528-1024x931.jpg 1024w, https:\/\/fubuki-piano.com\/wp-content\/uploads\/2021\/11\/\u30d7\u30ed\u30d5\u30a3\u30fc\u30ebHP\u7528-300x273.jpg 300w, https:\/\/fubuki-piano.com\/wp-content\/uploads\/2021\/11\/\u30d7\u30ed\u30d5\u30a3\u30fc\u30ebHP\u7528-768x699.jpg 768w, https:\/\/fubuki-piano.com\/wp-content\/uploads\/2021\/11\/\u30d7\u30ed\u30d5\u30a3\u30fc\u30ebHP\u7528-1536x1397.jpg 1536w, https:\/\/fubuki-piano.com\/wp-content\/uploads\/2021\/11\/\u30d7\u30ed\u30d5\u30a3\u30fc\u30ebHP\u7528-2048x1863.jpg 2048w\" sizes=\"auto, (max-width: 1024px) 100vw, 1024px\" \/><\/figure><div class=\"wp-block-media-text__content\">\n<p class=\"has-large-font-size\"><strong><span data-fontsize=\"18px\" style=\"font-size: 18px;\" class=\"vk_inline-font-size\">\u77e2\u5cf6\u5439\u6e09\u6a39\uff08\u3084\u3058\u307e\u3075\u3076\u304d\uff09<\/span><\/strong><br><strong><span data-fontsize=\"18px\" style=\"font-size: 18px;\" class=\"vk_inline-font-size\"> <\/span><\/strong><\/p>\n<\/div><\/div>\n\n\n\n<hr class=\"wp-block-separator has-css-opacity\"\/>\n\n\n\n<p>\u3000\u6850\u670b\u5b66\u5712\u5927\u5b66\u6f14\u594f\u5b66\u79d1\u30d4\u30a2\u30ce\u5c02\u653b\u3092\u5352\u696d\u5f8c\u3001\u56fd\u969b\u30ed\u30fc\u30bf\u30ea\u30fc\u8ca1\u56e3\u5968\u5b66\u751f\u3068\u3057\u3066\u30cf\u30f3\u30ac\u30ea\u30fc\u56fd\u7acb\u30ea\u30b9\u30c8\u97f3\u697d\u9662\u306b\u7559\u5b66\u3002\u30b7\u30e3\u30fc\u30f3\u30c9\u30eb\u30fb\u30d5\u30a1\u30eb\u30f4\u30a1\u30a4\u3001\u30da\u30fc\u30bf\u30fc\u30fb\u30ca\u30b8\u306e\u5404\u6c0f\u306b\u5e2b\u4e8b\u3057\u3001\u30e8\u30fc\u30ed\u30c3\u30d1\u306e\u4f1d\u7d71\u7684\u306a\u97f3\u697d\u89b3\u3068\u6df1\u3044\u8868\u73fe\u529b\u3092\u78e8\u304f\u3002<br>\u30002002\u5e74\u3001\u540c\u97f3\u697d\u9662\u306b\u3066\u30c7\u30d3\u30e5\u30fc\u30ea\u30b5\u30a4\u30bf\u30eb\u3092\u958b\u50ac\u3002\u7fcc\u5e74\u3001\u9928\u6797\u5e02\u3067\u306e\u5e30\u56fd\u30ea\u30b5\u30a4\u30bf\u30eb\u3092\u76ae\u5207\u308a\u306b\u3001\u5168\u56fd\u5404\u5730\u3067\u30ea\u30b5\u30a4\u30bf\u30eb\u3092\u884c\u3044\u597d\u8a55\u3092\u535a\u3059\u30022007\u5e74\u306b\u306f\u30bd\u30edCD\u300e\u30e9\u30fb\u30ab\u30f3\u30d1\u30cd\u30c3\u30e9\u300f\u3092\u30ea\u30ea\u30fc\u30b9\u3002\u4ee5\u964d\u3001\u6b4c\u66f2\u3084\u5ba4\u5185\u697d\u306e\u9332\u97f3\u306b\u3082\u591a\u6570\u53c2\u52a0\u3057\u3001\u6728\u6751\u5f13\u6c0f\u3084\u6728\u5c71\u88d5\u7b56\u6c0f\u306a\u3069\u5e45\u5e83\u3044\u30a2\u30fc\u30c6\u30a3\u30b9\u30c8\u3068\u306e\u5171\u6f14\u3092\u91cd\u306d\u3066\u3044\u308b\u3002<br>\u30002021\u5e74\u304b\u30892024\u5e74\u306b\u304b\u3051\u3066\u306f\u3001\u300c\u6b4c\u58f0\u30ab\u30eb\u30c6\u30c3\u30c8\u300d\u306e\u30e1\u30f3\u30d0\u30fc\u3068\u3057\u3066\u5e74\u9593200\u516c\u6f14\u306b\u51fa\u6f14\u3002\u3055\u3089\u306b\u30dc\u30cb\u30fc\u30b8\u30e3\u30c3\u30af\u30b9\u306e\u30ea\u30fc\u30c0\u30fc\u7389\u7530\u5143\u5eb7\u6c0f\u3068\u306e\u5171\u6f14\u3084\u3001\u4e94\u6728\u3072\u308d\u3057\u6c0f\u30fb\u4f0d\u4ee3\u590f\u5b50\u6c0f\u53f8\u4f1a\u306eBS\u671d\u65e5\u300e\u4eba\u751f\u3001\u6b4c\u304c\u3042\u308b\u300f\u3078\u306e\u51fa\u6f14\u306a\u3069\u3001\u30af\u30e9\u30b7\u30c3\u30af\u306e\u67a0\u3092\u8d85\u3048\u305f\u6d3b\u52d5\u306b\u3082\u7a4d\u6975\u7684\u306b\u53d6\u308a\u7d44\u3080\u3002<br>\u3000\u30b5\u30f3\u30c8\u30ea\u30fc\u30db\u30fc\u30eb\u3001\u6771\u4eac\u30aa\u30da\u30e9\u30b7\u30c6\u30a3\u3001\u9280\u5ea7\u738b\u5b50\u30db\u30fc\u30eb\u306a\u3069\u3001\u56fd\u5185\u4e3b\u8981\u30db\u30fc\u30eb\u3067\u306e\u6f14\u594f\u3092\u306f\u3058\u3081\u3001\u5168\u56fd\u3067\u5e45\u5e83\u304f\u6f14\u594f\u6d3b\u52d5\u3092\u5c55\u958b\u3002<br>\u307e\u305f\u3001\u30b3\u30f3\u30af\u30fc\u30eb\u306e\u5be9\u67fb\u54e1\u3068\u3057\u3066\u5f8c\u9032\u306e\u80b2\u6210\u306b\u3082\u529b\u3092\u6ce8\u3044\u3067\u3044\u308b\u3002<br>\u3000\u305d\u306e\u6f14\u594f\u306f\u3001\u30c0\u30a4\u30ca\u30df\u30c3\u30af\u30ec\u30f3\u30b8\u306e\u5e83\u3055\u3068\u8c4a\u304b\u306a\u8868\u73fe\u529b\u306b\u5b9a\u8a55\u304c\u3042\u308a\u3001\u60c5\u71b1\u7684\u306a\u4f5c\u54c1\u304b\u3089\u7e4a\u7d30\u306a\u30d4\u30a2\u30cb\u30c3\u30b7\u30e2\u307e\u3067\u3092\u81ea\u5728\u306b\u63cf\u304d\u51fa\u3059\u3002<br>\u3000\u30d0\u30ed\u30c3\u30af\u3001\u53e4\u5178\u6d3e\u3001\u30ed\u30de\u30f3\u6d3e\u3092\u4e2d\u5fc3\u3068\u3057\u305f\u591a\u5f69\u306a\u30ec\u30d1\u30fc\u30c8\u30ea\u30fc\u3067\u3001\u8074\u304f\u4eba\u306e\u5fc3\u306b\u6df1\u304f\u97ff\u304f\u97f3\u697d\u3092\u5c4a\u3051\u3066\u3044\u308b\u3002<\/p>\n\n\n\n<h2 class=\"wp-block-heading\">\ud83c\udfb9 <strong>Fubuki Yajima \u2013 Pianist<\/strong><\/h2>\n\n\n\n<p>After graduating from Toho Gakuen School of Music with a degree in piano performance, <strong>Fubuki Yajima<\/strong> studied at the Liszt Ferenc Academy of Music in Hungary as a Rotary Foundation International Scholar, under the guidance of <strong>S\u00e1ndor Falvai<\/strong> and <strong>P\u00e9ter Nagy<\/strong>. During his studies, he deepened his artistry within the rich European musical tradition.<\/p>\n\n\n\n<p>In 2002, he made his debut recital at the Liszt Academy in Budapest, followed by a successful return recital in Japan the following year. Since then, he has given numerous recitals across the country, receiving critical acclaim for his expressive and refined performances. His solo CD <em>\u201cLa Campanella\u201d<\/em> was released in 2007, and he has since appeared on many chamber and vocal recordings, collaborating with artists such as <strong>Yumi Kimura<\/strong> and <strong>Yusaku Kiyama<\/strong>.<\/p>\n\n\n\n<p>From 2021 to 2024, Yajima was an active member of the ensemble <em>Utagoe Quartet<\/em>, performing in more than 200 concerts annually. He also performed with <strong>Motoyasu Tamada<\/strong>, leader of <em>The Bonny Jacks<\/em>, and appeared on the BS Asahi television program <em>\u201cJinsei, Uta ga Aru\u201d<\/em>, hosted by <strong>Hiroshi Itsuki<\/strong> and <strong>Natsuko Godai<\/strong>.<\/p>\n\n\n\n<p>He has performed at major venues such as <strong>Suntory Hall<\/strong>, <strong>Tokyo Opera City<\/strong>, and <strong>Oji Hall<\/strong>, as well as concert halls throughout Japan. In addition to his performing career, he serves as a <strong>competition judge<\/strong> and is devoted to <strong>educating and mentoring young pianists<\/strong>.<\/p>\n\n\n\n<p>Yajima is praised for his <strong>wide dynamic range and expressive depth<\/strong>\u2014from passionate, powerful interpretations to exquisitely delicate pianissimos. His repertoire centers on the <strong>Baroque, Classical, and Romantic<\/strong> eras, and his performances are distinguished by a sincerity and warmth that resonate deeply with listeners.<\/p>\n\n\n\n<hr class=\"wp-block-separator has-alpha-channel-opacity\"\/>\n\n\n\n<hr class=\"wp-block-separator has-alpha-channel-opacity\"\/>\n\n\n\n<h2 class=\"wp-block-heading\"><strong>\ud83c\udfb9 Yajima Fubuki \u2013 zongoram\u0171v\u00e9sz<\/strong><\/h2>\n\n\n\n<p>Yajima Fubuki Jap\u00e1nban, Tatebayashiban sz\u00fcletett. N\u00e9gy\u00e9ves kor\u00e1ban kezdett zongor\u00e1zni,<br>majd a Toho Gakuen Zeneakad\u00e9mi\u00e1n szerzett diplom\u00e1t. Ezt k\u00f6vet\u0151en a Rotary Alap\u00edtv\u00e1ny<br>\u00f6szt\u00f6nd\u00edjasak\u00e9nt folytatta tanulm\u00e1nyait a budapesti Liszt Ferenc Zenem\u0171v\u00e9szeti<br>Egyetemen, ahol Falvai S\u00e1ndor \u00e9s Nagy P\u00e9ter ir\u00e1ny\u00edt\u00e1s\u00e1val k\u00e9pezte tov\u00e1bb mag\u00e1t.<br>2002-ben tartotta bemutatkoz\u00f3 hangverseny\u00e9t a Zeneakad\u00e9mi\u00e1n. Az\u00f3ta rendszeresen<br>koncertezik Jap\u00e1n jelent\u0151s koncerttermeiben \u2013 t\u00f6bbek k\u00f6z\u00f6tt a Suntory Hallban, a Tokyo<br>Opera Cityben \u00e9s az Oji Hallban \u2013 valamint sz\u00e1mos helysz\u00ednen orsz\u00e1gszerte. Sz\u00f3l\u00f3lemeze,<br>a La Campanella, l\u00edrai hangz\u00e1s\u00e1t \u00e9s kifinomult zenei kifejez\u00e9sm\u00f3dj\u00e1t mutatja be. A<br>sz\u00f3l\u00f3estek mellett kamarazenei \u00e9s m\u0171fajokon \u00e1t\u00edvel\u0151 egy\u00fcttm\u0171k\u00f6d\u00e9sekben is akt\u00edv.<br>El\u0151ad\u00e1sait az \u0151szintes\u00e9g, a vil\u00e1gos forma\u00e9rz\u00e9k \u00e9s a k\u00f6lt\u0151i hangz\u00e1s jellemzi, amelyek m\u00e9ly<br>kapcsolatot teremtenek a hallgat\u00f3s\u00e1ggal.<\/p>\n\n\n\n<hr class=\"wp-block-separator has-alpha-channel-opacity\"\/>\n\n\n\n<hr class=\"wp-block-separator has-alpha-channel-opacity is-style-wide\"\/>\n\n\n\n<div style=\"height:100px\" aria-hidden=\"true\" class=\"wp-block-spacer\"><\/div>\n\n\n\n<hr class=\"wp-block-separator has-css-opacity\"\/>\n\n\n\n<p><\/p>\n","protected":false},"excerpt":{"rendered":"<p>\u77e2\u5cf6\u5439\u6e09\u6a39\uff08\u3084\u3058\u307e\u3075\u3076\u304d\uff09 \u3000\u6850\u670b\u5b66\u5712\u5927\u5b66\u6f14\u594f\u5b66\u79d1\u30d4\u30a2\u30ce\u5c02\u653b\u3092\u5352\u696d\u5f8c\u3001\u56fd\u969b\u30ed\u30fc\u30bf\u30ea\u30fc\u8ca1\u56e3\u5968\u5b66\u751f\u3068\u3057\u3066\u30cf\u30f3\u30ac\u30ea\u30fc\u56fd\u7acb\u30ea\u30b9\u30c8\u97f3\u697d\u9662\u306b\u7559\u5b66\u3002\u30b7\u30e3\u30fc\u30f3\u30c9\u30eb\u30fb\u30d5\u30a1\u30eb\u30f4\u30a1\u30a4\u3001\u30da\u30fc\u30bf\u30fc\u30fb\u30ca\u30b8\u306e\u5404\u6c0f\u306b\u5e2b\u4e8b\u3057\u3001\u30e8\u30fc\u30ed\u30c3\u30d1\u306e\u4f1d\u7d71\u7684\u306a\u97f3\u697d\u89b3\u3068 [&hellip;]<\/p>\n","protected":false},"author":1,"featured_media":0,"parent":0,"menu_order":0,"comment_status":"closed","ping_status":"closed","template":"","meta":{"_monsterinsights_skip_tracking":false,"_monsterinsights_sitenote_active":false,"_monsterinsights_sitenote_note":"","_monsterinsights_sitenote_category":0,"vkexunit_cta_each_option":"","footnotes":""},"class_list":["post-492","page","type-page","status-publish","hentry"],"aioseo_notices":[],"_links":{"self":[{"href":"https:\/\/fubuki-piano.com\/index.php?rest_route=\/wp\/v2\/pages\/492","targetHints":{"allow":["GET"]}}],"collection":[{"href":"https:\/\/fubuki-piano.com\/index.php?rest_route=\/wp\/v2\/pages"}],"about":[{"href":"https:\/\/fubuki-piano.com\/index.php?rest_route=\/wp\/v2\/types\/page"}],"author":[{"embeddable":true,"href":"https:\/\/fubuki-piano.com\/index.php?rest_route=\/wp\/v2\/users\/1"}],"replies":[{"embeddable":true,"href":"https:\/\/fubuki-piano.com\/index.php?rest_route=%2Fwp%2Fv2%2Fcomments&post=492"}],"version-history":[{"count":22,"href":"https:\/\/fubuki-piano.com\/index.php?rest_route=\/wp\/v2\/pages\/492\/revisions"}],"predecessor-version":[{"id":1162,"href":"https:\/\/fubuki-piano.com\/index.php?rest_route=\/wp\/v2\/pages\/492\/revisions\/1162"}],"wp:attachment":[{"href":"https:\/\/fubuki-piano.com\/index.php?rest_route=%2Fwp%2Fv2%2Fmedia&parent=492"}],"curies":[{"name":"wp","href":"https:\/\/api.w.org\/{rel}","templated":true}]}}